7
Let d(l) be the first derivative of -3*l**2/2 + l - 5. List the prime factors of d(-2).
7
Let p = 91 - 60. List the prime factors of p.
31
Suppose -3*d + 178 = -d + 5*z, -412 = -4*d + 4*z. What are the prime factors of d?
3, 11
What are the prime factors of 0 + 1 - 3 - (23 - 116)?
7, 13
Suppose -3*p - 350 = -10*p. What are the prime factors of p?
2, 5
Suppose 3*t = -4*c + 16, 4*c - 6*c + 8 = 4*t. Suppose -r + t*r = -25. Suppose 6*j - r = j. What are the prime factors of j?
5
List the prime factors of (2/8 + (-28)/48)*-48.
2
Let u(w) = -w**2 + 8*w - 6. Let g = 56 - 29. Suppose -s - 6 = -3, s = 4*r - g. List the prime factors of u(r).
2, 3
What are the prime factors of (-1)/(((-12)/237)/4)?
79
Let c(n) = -n**2 + 18*n - 17. List the prime factors of c(12).
5, 11
Suppose 6*s = 5*h + 3*s - 53, -2*h + 2*s + 22 = 0. What are the prime factors of (56/h)/((-2)/(-10))?
2, 7
Let s(g) = -36*g + 6. What are the prime factors of s(-4)?
2, 3, 5
Suppose 2*y - 36 = -y. Let p = -6 + y. What are the prime factors of p?
2, 3
Let j(g) = -2*g - 6. Let m be j(-4). Suppose -8 = m*h - 4*c, 5*h + 19 + 13 = 4*c. Let a(w) = w**2 + 7*w + 2. List the prime factors of a(h).
2, 5
Let b(g) = -g - 8. Let d be b(-6). Let t be d*(-3)/2*1. Suppose t*x = 2*x + 11. List the prime factors of x.
11
Let c be (203*(5 - 4))/1. List the prime factors of (-4)/(-10) + c/5.
41
Let f(h) = -5*h**2. Let r be f(-3). Let m = r - -71. What are the prime factors of m?
2, 13
Let b(m) be the first derivative of 1/2*m**2 - 2*m + 1. List the prime factors of b(5).
3
Suppose 535 = 2*f + 3*f - a, 439 = 4*f - 3*a. Let j = f + -73. Suppose -3*h + j = -0*h. What are the prime factors of h?
11
Suppose 44 = 2*z - z. List the prime factors of z.
2, 11
Let u(i) = -i**2 + 6*i - 1. Let j(r) = r**2. Let x be j(2). Suppose 0*w + 20 = x*w. What are the prime factors of u(w)?
2
Let t(n) = -n**2 - 5*n - 4. Let w be t(-4). Let m be (81/6)/((-6)/(-16)). Suppose -m = -4*g - w. List the prime factors of g.
3
Suppose 4*h - 3*w + 16 - 97 = 0, -4*h = 2*w - 86. Suppose -3*g - h = -3*s, -4*g - 3*s = s - 4. Let u(j) = -j + 3. What are the prime factors of u(g)?
2, 3
Let n(r) = r + 7. Let a be n(-4). Suppose -3*f + 24 - 6 = 0. Let d = f - a. What are the prime factors of d?
3
Suppose 5 = 5*y - 5. Suppose -y*f + 4 + 2 = 0. Suppose -4*i - 9 = -q - f*i, -i - 24 = -4*q. List the prime factors of q.
5
List the prime factors of (615/5)/3 - -3.
2, 11
Let w(a) = a**2 - 5*a. Let z be w(5). List the prime factors of -5 + 6 + (8 - z).
3
Let f(u) = -6*u - 6. Let m be f(-4). Let r = m + -28. List the prime factors of (-8)/(-20) - 146/r.
3, 5
Suppose 5*w = 5 + 5, -4*h - 5*w = -266. List the prime factors of h.
2
Let w = -1 + 25. What are the prime factors of w?
2, 3
Suppose 16 = 3*k + 2*o, 2 = k - 4*o + 20. What are the prime factors of 21/k*(-8)/(-6)?
2, 7
Let u be 5/2*16/20. Suppose -v - 9 = -u*v. Let l = 21 - v. What are the prime factors of l?
2, 3
Let y(q) = -6*q**3 + 2*q**2 - 3*q - 6. List the prime factors of y(-3).
3, 61
Let i = 4 - 0. Suppose -2*y + h = -21, -37 = -i*y - 3*h + 4*h. Let d(u) = -u**3 + 7*u**2 + 9*u + 2. List the prime factors of d(y).
2, 5
Let l be 43 - (-1)/(-2)*0. Suppose s - l = -3*y + 3*s, 0 = -2*y - 4*s + 2. List the prime factors of y.
11
What are the prime factors of 500/12 + 1/3?
2, 3, 7
Let z = 1 - 4. Suppose 0 = -3*s - 4*a - 8 - 5, -s + a = -5. Let k = s - z. What are the prime factors of k?
2
Suppose 37 = 5*h + 2. Let u(q) = q + 7. Let b be u(h). Let y = b + -9. List the prime factors of y.
5
Suppose 3*m - 2*m - 1 = 0. Let f be ((-1)/m + 4)/1. Suppose -f*k + 0*k + 27 = 0. List the prime factors of k.
3
Let o = -6 - -10. Suppose -n = n - o. Suppose 0 = -f - n*f + 12. What are the prime factors of f?
2
Let d be 1/3 - 2/6. Suppose -3*c + 12 = -d*c. What are the prime factors of c?
2
Let k(o) = -o**2 + 10*o + 9. Suppose 0*b = -4*b + 64. Let w = -7 + b. What are the prime factors of k(w)?
2, 3
What are the prime factors of 66/9 - 1/3?
7
Suppose n + 2*j - 6*j = -8, 2*n - 4*j + 4 = 0. What are the prime factors of n?
2
Let g = -188 - -264. List the prime factors of g.
2, 19
Let j(c) = -4*c - 3. Suppose -i = i - 4*q - 16, 15 = -3*q. What are the prime factors of j(i)?
5
Suppose -54 = s - 3*s. Suppose -4*t - s = -195. Suppose 3*z = -4*m + z + t, m = -2*z + 6. List the prime factors of m.
2, 3
Let f(m) = m**3 + 10*m**2 + 2*m - 11. Let o be f(-9). Suppose 0 = -6*k + 2*k - 3*c + o, -k - 3*c + 13 = 0. List the prime factors of k.
13
Let b = -5 + 7. Suppose -27 = -5*f - 7, 4 = 3*t - b*f. What are the prime factors of t?
2
Let z = 7 + -2. Suppose 4*r + 4 = 0, z*l - 2*r + 24 = -6*r. List the prime factors of (-1)/2 - 30/l.
7
Suppose 0 = 4*r + 198 - 34. Let l be 2/(-4) - r/2. Suppose -l - 55 = -5*p. What are the prime factors of p?
3, 5
Let a = -732 + 1058. What are the prime factors of a?
2, 163
Let y be 15/(-3)*(-6)/(-5). List the prime factors of y*3/(-6) - -24.
3
Suppose -m - 4*m = -675. Suppose m = 6*g - g. What are the prime factors of g?
3
Suppose -5*f + 4 + 10 = 3*x, 2*f = 2. Suppose 4*t + 0 = s - 4, -x*t = -3*s + 21. List the prime factors of s.
2
Let u be (2/2)/((-4)/(-24)). Let x = u + -4. Suppose 0 = -3*f - x + 5, 0 = -2*v - 2*f + 22. What are the prime factors of v?
2, 5
Let j = 585 - 326. What are the prime factors of j?
7, 37
Let a(j) = j**3 + 8*j**2 + 3*j + 5. What are the prime factors of a(-6)?
59
Let v(p) = 18*p - 7. What are the prime factors of v(2)?
29
Let l(v) = -v. Let f be l(6). Let x be 2/4 + f/(-4). List the prime factors of x/9 - 50/(-18).
3
Suppose 8*c + 5*s - 100 = 3*c, 28 = 3*c - 5*s. List the prime factors of c.
2
Let n(z) = -z**2 + 6*z. Let l be n(4). Suppose -3*v = f - 5, -v = 4*f - 22 - 42. Let m = f - l. What are the prime factors of m?
3
Suppose 0 = -m + 5*m - 4. Let g(o) = -m + o + o**3 + 0 + 0. List the prime factors of g(2).
3
What are the prime factors of 35/(-1)*(-26)/13?
2, 5, 7
Let t(u) = -6 + 0 + 2*u - 1. List the prime factors of t(5).
3
Let c be -3*1*1 - -2. Let f = -3 + c. List the prime factors of (12/(-10))/(f/30).
3
Suppose -q = -f + 4*q + 20, 12 = 4*f - 3*q. Let m be f/(-2*1/2). What are the prime factors of -5 + m + 3 + 17?
3, 5
Let w = -13 - -1. What are the prime factors of w/6 + 10 + -1?
7
Suppose 7*g = 1219 - 43. What are the prime factors of g?
2, 3, 7
Let y(z) = -z**3 - 2*z**2 - 2*z - 1. Let t be y(-2). List the prime factors of (-2)/(t/54*-2).
2, 3
Suppose 5*b + 1 - 13 = -2*m, -m = 4*b. What are the prime factors of m?
2
Suppose 0 = 4*q - 5*p - 64 + 25, -5*q + 27 = p. Suppose 0*r + q = 4*f - 5*r, -5*f - 3*r + 26 = 0. What are the prime factors of f?
2
Suppose 4*p = -3*t + 82, -8*t + 3*t = -10. List the prime factors of p + (-3)/(-3) + -3.
17
List the prime factors of -5*2*(-8)/10.
2
Let q(p) = -p**3 + 8*p**2 + 7*p + 9. Let i be q(9). Let n be -15 + 1 + 0 + -1. Let k = i - n. List the prime factors of k.
2, 3
Let i = -45 + 78. List the prime factors of i.
3, 11
Suppose -d = -0*d - 2. Suppose -d*p + 0 = n + 2, 4*n - 2*p = 12. Suppose -2 = -n*f + 2. What are the prime factors of f?
2
Let z = 480 - 254. What are the prime factors of z?
2, 113
Let c(t) = -26*t**2 + t. Let m be c(-1). Suppose 4*p + 2*v = -152, -3*v + 23 + 22 = -p. Let k = m - p. List the prime factors of k.
2, 3
Suppose -74 = -4*a - 194. List the prime factors of ((-48)/60)/(1/a).
2, 3
Suppose -v + 3*v - q - 6 = 0, -2*q + 9 = 3*v. Suppose o + 4*g - 6 = 0, -o + 0*g + v = 5*g. List the prime factors of o.
2, 3
Let h be (-4)/6 + 26/(-6). Let l = h + 12. Let s(x) = x + 3. List the prime factors of s(l).
2, 5
Suppose 10 = -2*t - 3*t. Let z be (0 + 0)/(-1 - t). Suppose 2*q = q - 4*x + 8, -4*x = z. List the prime factors of q.
2
Let a be ((-4)/(-7))/((-16)/(-56)). Suppose -2*y + 8 + 3 = 3*c, 4*c - a*y - 24 = 0. List the prime factors of c.
5
Let g(h) = h**3 - 14*h**2 + 15*h - 4. What are the prime factors of g(13)?
2, 11
Suppose -3*g = -2*g - 5. Suppose -3*h - 5*q = -2, q - 6*q = g*h - 10. Suppose t = h*i + 20, 4*i = 4*t - i - 36. List the prime factors of t.
2
Let n(g) = 129*g - 44. What are the prime factors of n(3)?
7
Let l(u) = u**2 + 8*u + 7. Let o be l(-7). Suppose o = -3*z - z - 2*m + 96, -3*m = -z + 17. List the prime factors of z.
23
List the prime factors of ((-53800)/45)/(-5) - 2/18.
239
Suppo